{"id":739,"date":"2022-09-20T13:19:42","date_gmt":"2022-09-20T11:19:42","guid":{"rendered":"https:\/\/grupos.eez.csic.es\/mae\/?page_id=739"},"modified":"2026-01-13T09:50:24","modified_gmt":"2026-01-13T08:50:24","slug":"current-members","status":"publish","type":"page","link":"https:\/\/grupos.eez.csic.es\/mae\/current-members\/","title":{"rendered":"Current Members"},"content":{"rendered":"\n<div class=\"wp-block-cover alignfull\"><span aria-hidden=\"true\" class=\"wp-block-cover__background has-background-dim-0 has-background-dim\"><\/span><img loading=\"lazy\" decoding=\"async\" width=\"1400\" height=\"300\" class=\"wp-block-cover__image-background wp-image-378\" alt=\"\" src=\"https:\/\/grupos.eez.csic.es\/mae\/wp-content\/uploads\/2021\/10\/banner-mae-people.jpg\" data-object-fit=\"cover\" srcset=\"https:\/\/grupos.eez.csic.es\/mae\/wp-content\/uploads\/2021\/10\/banner-mae-people.jpg 1400w, https:\/\/grupos.eez.csic.es\/mae\/wp-content\/uploads\/2021\/10\/banner-mae-people-300x64.jpg 300w, https:\/\/grupos.eez.csic.es\/mae\/wp-content\/uploads\/2021\/10\/banner-mae-people-1024x219.jpg 1024w, https:\/\/grupos.eez.csic.es\/mae\/wp-content\/uploads\/2021\/10\/banner-mae-people-768x165.jpg 768w\" sizes=\"(max-width: 1400px) 100vw, 1400px\" \/><div class=\"wp-block-cover__inner-container is-layout-flow wp-block-cover-is-layout-flow\">\n<p class=\"has-text-align-left has-white-color has-text-color\" style=\"font-size:80px\"><strong>Current Members<\/strong><\/p>\n<\/div><\/div>\n\n\n\n<div style=\"height:5px\" aria-hidden=\"true\" class=\"wp-block-spacer\"><\/div>\n\n\n\n<div class=\"inherit-container-width wp-block-group alignfull is-layout-constrained wp-block-group-is-layout-constrained\"><div class=\"wp-block-group__inner-container\">\n<div class=\"wp-block-columns alignwide is-layout-flex wp-container-core-columns-is-layout-1 wp-block-columns-is-layout-flex\">\n<div class=\"wp-block-column is-layout-flow wp-block-column-is-layout-flow\">\n<div class=\"inherit-container-width wp-block-group is-layout-constrained wp-block-group-is-layout-constrained\"><div class=\"wp-block-group__inner-container\">\n<figure class=\"wp-block-image aligncenter size-full is-style-default\"><img loading=\"lazy\" decoding=\"async\" width=\"450\" height=\"450\" src=\"https:\/\/grupos.eez.csic.es\/mae\/wp-content\/uploads\/2023\/08\/manuel-fernandez-lopez-.png\" alt=\"\" class=\"wp-image-964\" srcset=\"https:\/\/grupos.eez.csic.es\/mae\/wp-content\/uploads\/2023\/08\/manuel-fernandez-lopez-.png 450w, https:\/\/grupos.eez.csic.es\/mae\/wp-content\/uploads\/2023\/08\/manuel-fernandez-lopez--300x300.png 300w, https:\/\/grupos.eez.csic.es\/mae\/wp-content\/uploads\/2023\/08\/manuel-fernandez-lopez--150x150.png 150w\" sizes=\"(max-width: 450px) 100vw, 450px\" \/><\/figure>\n\n\n\n<h5 class=\"wp-block-heading has-text-align-center\" id=\"manuel-fernandez-lopez\"><a href=\"\/mae\/manuel-fernandez-lopez\" data-type=\"page\">Manuel Fern\u00e1ndez L\u00f3pez<\/a><\/h5>\n\n\n\n<p style=\"text-align: center;\"><strong>manuel.fernandez@eez.csic.es<\/strong><\/p>\n<p style=\"text-align: center;\">Co-Leader of Microbiology of Agroforestry Ecosystems (MAE) group<\/p>\n\n\n\n<p style=\"text-align: center;\"><a href=\"https:\/\/www.scopus.com\/authid\/detail.uri?authorId=7004064459\" target=\"_blank\" rel=\"noopener\"><img loading=\"lazy\" decoding=\"async\" class=\"alignnone wp-image-72 size-full\" src=\"https:\/\/grupos.eez.csic.es\/mae\/wp-content\/uploads\/2021\/06\/scopus_logo.png\" alt=\"\" width=\"50\" height=\"49\" \/><\/a> <a href=\"https:\/\/orcid.org\/0000-0003-2366-6908\" target=\"_blank\" rel=\"noopener\"><img loading=\"lazy\" decoding=\"async\" class=\"alignnone wp-image-71 size-full\" src=\"https:\/\/grupos.eez.csic.es\/mae\/wp-content\/uploads\/2021\/06\/orcid_logo.png\" alt=\"\" width=\"50\" height=\"50\" \/><\/a> <a href=\"https:\/\/scholar.google.es\/citations?hl=es&amp;user=gV426I0AAAAJ\" target=\"_blank\" rel=\"noopener\"><img loading=\"lazy\" decoding=\"async\" class=\"alignnone wp-image-70 size-full\" src=\"https:\/\/grupos.eez.csic.es\/mae\/wp-content\/uploads\/2021\/06\/google_scholar_logo.png\" alt=\"\" width=\"50\" height=\"50\" \/><\/a><\/p>\n<\/div><\/div>\n<\/div>\n\n\n\n<div class=\"wp-block-column is-layout-flow wp-block-column-is-layout-flow\">\n<div class=\"inherit-container-width wp-block-group is-layout-constrained wp-block-group-is-layout-constrained\"><div class=\"wp-block-group__inner-container\">\n<figure class=\"wp-block-image aligncenter size-full is-style-rounded\"><img loading=\"lazy\" decoding=\"async\" width=\"450\" height=\"450\" src=\"https:\/\/grupos.eez.csic.es\/mae\/wp-content\/uploads\/2022\/12\/jesus-mercado-blanco.png\" alt=\"\" class=\"wp-image-832\" srcset=\"https:\/\/grupos.eez.csic.es\/mae\/wp-content\/uploads\/2022\/12\/jesus-mercado-blanco.png 450w, https:\/\/grupos.eez.csic.es\/mae\/wp-content\/uploads\/2022\/12\/jesus-mercado-blanco-300x300.png 300w, https:\/\/grupos.eez.csic.es\/mae\/wp-content\/uploads\/2022\/12\/jesus-mercado-blanco-150x150.png 150w\" sizes=\"(max-width: 450px) 100vw, 450px\" \/><\/figure>\n\n\n\n<h5 class=\"wp-block-heading has-text-align-center\" id=\"jesus-mercado-blanco-1\"><a href=\"\/mae\/jesus-mercado-blanco\/\">Jes\u00fas Mercado Blanco<\/a><\/h5>\n\n\n\n<p style=\"text-align: center;\"><strong>jesus.mercado@eez.csic.es<\/strong><\/p>\n<p style=\"text-align: center;\">Co-Leader of Microbiology of Agroforestry Ecosystems (MAE) group<\/p>\n<\/div><\/div>\n\n\n\n<p style=\"text-align: center;\"><a href=\"https:\/\/www.scopus.com\/authid\/detail.uri?authorId=6603450120\" target=\"_blank\" rel=\"noopener\"><img loading=\"lazy\" decoding=\"async\" class=\"alignnone wp-image-72 size-full\" src=\"https:\/\/grupos.eez.csic.es\/mae\/wp-content\/uploads\/2021\/06\/scopus_logo.png\" alt=\"\" width=\"50\" height=\"49\"><\/a><a href=\"https:\/\/orcid.org\/0000-0003-1895-5895\" target=\"_blank\" rel=\"noopener\"> <img loading=\"lazy\" decoding=\"async\" class=\"alignnone wp-image-71 size-full\" src=\"https:\/\/grupos.eez.csic.es\/mae\/wp-content\/uploads\/2021\/06\/orcid_logo.png\" alt=\"\" width=\"50\" height=\"50\"><\/a><a href=\"https:\/\/scholar.google.es\/citations?user=p_u67WsAAAAJ&amp;hl=es\" target=\"_blank\" rel=\"noopener\"> <img loading=\"lazy\" decoding=\"async\" class=\"alignnone wp-image-70 size-full\" src=\"https:\/\/grupos.eez.csic.es\/mae\/wp-content\/uploads\/2021\/06\/google_scholar_logo.png\" alt=\"\" width=\"50\" height=\"50\"><\/a><\/p>\n<\/div>\n\n\n\n<div class=\"wp-block-column is-layout-flow wp-block-column-is-layout-flow\">\n<div class=\"inherit-container-width wp-block-group is-layout-constrained wp-block-group-is-layout-constrained\"><div class=\"wp-block-group__inner-container\">\n<figure class=\"wp-block-image aligncenter size-full is-style-rounded\"><img loading=\"lazy\" decoding=\"async\" width=\"450\" height=\"450\" src=\"https:\/\/grupos.eez.csic.es\/mae\/wp-content\/uploads\/2021\/06\/pablo-jose-villadas-latorre.png\" alt=\"\" class=\"wp-image-65\" srcset=\"https:\/\/grupos.eez.csic.es\/mae\/wp-content\/uploads\/2021\/06\/pablo-jose-villadas-latorre.png 450w, https:\/\/grupos.eez.csic.es\/mae\/wp-content\/uploads\/2021\/06\/pablo-jose-villadas-latorre-300x300.png 300w, https:\/\/grupos.eez.csic.es\/mae\/wp-content\/uploads\/2021\/06\/pablo-jose-villadas-latorre-150x150.png 150w\" sizes=\"(max-width: 450px) 100vw, 450px\" \/><\/figure>\n\n\n\n<h5 class=\"wp-block-heading has-text-align-center\" id=\"pablo-jose-villadas-latorre\"><a href=\"\/mae\/pablo-jose-villadas-latorre\">Pablo Jos\u00e9 Villadas Latorre<\/a><\/h5>\n\n\n\n<p style=\"text-align: center;\"><strong>pablo.villadas@eez.csic.es<\/strong><\/p>\n<p style=\"text-align: center;\">Research assistant<\/p>\n<\/div><\/div>\n\n\n\n<p style=\"text-align: center;\"><a href=\"https:\/\/www.scopus.com\/authid\/detail.uri?authorId=6506597438\" target=\"_blank\" rel=\"noopener\"><img loading=\"lazy\" decoding=\"async\" class=\"alignnone wp-image-72 size-full\" src=\"https:\/\/grupos.eez.csic.es\/mae\/wp-content\/uploads\/2021\/06\/scopus_logo.png\" alt=\"\" width=\"50\" height=\"49\" \/><\/a> <a href=\"https:\/\/orcid.org\/0000-0001-8662-8883\" target=\"_blank\" rel=\"noopener\"><img loading=\"lazy\" decoding=\"async\" class=\"alignnone wp-image-71 size-full\" src=\"https:\/\/grupos.eez.csic.es\/mae\/wp-content\/uploads\/2021\/06\/orcid_logo.png\" alt=\"\" width=\"50\" height=\"50\" \/><\/a><\/p>\n<\/div>\n<\/div>\n<\/div><\/div>\n\n\n\n<div class=\"wp-block-columns is-layout-flex wp-container-core-columns-is-layout-4 wp-block-columns-is-layout-flex\">\n<div class=\"wp-block-column is-layout-flow wp-block-column-is-layout-flow\" style=\"flex-basis:100%\">\n<div class=\"wp-block-columns is-layout-flex wp-container-core-columns-is-layout-3 wp-block-columns-is-layout-flex\">\n<div class=\"wp-block-column is-layout-flow wp-block-column-is-layout-flow\" style=\"flex-basis:100%\">\n<div class=\"inherit-container-width wp-block-group alignwide is-layout-constrained wp-block-group-is-layout-constrained\"><div class=\"wp-block-group__inner-container\">\n<div class=\"wp-block-columns alignwide is-layout-flex wp-container-core-columns-is-layout-2 wp-block-columns-is-layout-flex\">\n<div class=\"wp-block-column is-layout-flow wp-block-column-is-layout-flow\">\n<div class=\"inherit-container-width wp-block-group is-layout-constrained wp-block-group-is-layout-constrained\"><div class=\"wp-block-group__inner-container\">\n<figure class=\"wp-block-image aligncenter size-full is-style-rounded\"><img loading=\"lazy\" decoding=\"async\" width=\"450\" height=\"450\" src=\"https:\/\/grupos.eez.csic.es\/mae\/wp-content\/uploads\/2021\/06\/ana-v-lasa.png\" alt=\"\" class=\"wp-image-62\" srcset=\"https:\/\/grupos.eez.csic.es\/mae\/wp-content\/uploads\/2021\/06\/ana-v-lasa.png 450w, https:\/\/grupos.eez.csic.es\/mae\/wp-content\/uploads\/2021\/06\/ana-v-lasa-300x300.png 300w, https:\/\/grupos.eez.csic.es\/mae\/wp-content\/uploads\/2021\/06\/ana-v-lasa-150x150.png 150w\" sizes=\"(max-width: 450px) 100vw, 450px\" \/><\/figure>\n\n\n\n<h5 class=\"wp-block-heading has-text-align-center\" id=\"ana-v-lasa\"><a href=\"\/mae\/ana-v-lasa\">Ana V. Lasa<\/a><\/h5>\n\n\n\n<p style=\"text-align: center;\"><strong>ana.vicente@eez.csic.es<\/strong><\/p>\n<p style=\"text-align: center;\">Postdoctoral researcher<\/p>\n<\/div><\/div>\n\n\n\n<p style=\"text-align: center;\"><a href=\"https:\/\/www.scopus.com\/authid\/detail.uri?authorId=57193401425\" target=\"_blank\" rel=\"noopener\"><img loading=\"lazy\" decoding=\"async\" class=\"alignnone wp-image-72 size-full\" src=\"https:\/\/grupos.eez.csic.es\/mae\/wp-content\/uploads\/2021\/06\/scopus_logo.png\" alt=\"\" width=\"50\" height=\"49\" \/><\/a> <a href=\"https:\/\/orcid.org\/0000-0003-3783-7157\" target=\"_blank\" rel=\"noopener\"><img loading=\"lazy\" decoding=\"async\" class=\"alignnone wp-image-71 size-full\" src=\"https:\/\/grupos.eez.csic.es\/mae\/wp-content\/uploads\/2021\/06\/orcid_logo.png\" alt=\"\" width=\"50\" height=\"50\" \/><\/a> <a href=\"https:\/\/scholar.google.com\/citations?user=VKGe4lgAAAAJ&amp;hl=es\" target=\"_blank\" rel=\"noopener\"><img loading=\"lazy\" decoding=\"async\" class=\"alignnone wp-image-70 size-full\" src=\"https:\/\/grupos.eez.csic.es\/mae\/wp-content\/uploads\/2021\/06\/google_scholar_logo.png\" alt=\"\" width=\"50\" height=\"50\" \/><\/a><\/p>\n<\/div>\n\n\n\n<div class=\"wp-block-column is-layout-flow wp-block-column-is-layout-flow\">\n<div class=\"inherit-container-width wp-block-group is-layout-constrained wp-block-group-is-layout-constrained\"><div class=\"wp-block-group__inner-container\">\n<figure class=\"wp-block-image aligncenter size-full is-style-rounded\"><img loading=\"lazy\" decoding=\"async\" width=\"450\" height=\"450\" src=\"https:\/\/grupos.eez.csic.es\/mae\/wp-content\/uploads\/2021\/07\/antonio-jose-fernandez-gonzalez.png\" alt=\"\" class=\"wp-image-167\" srcset=\"https:\/\/grupos.eez.csic.es\/mae\/wp-content\/uploads\/2021\/07\/antonio-jose-fernandez-gonzalez.png 450w, https:\/\/grupos.eez.csic.es\/mae\/wp-content\/uploads\/2021\/07\/antonio-jose-fernandez-gonzalez-300x300.png 300w, https:\/\/grupos.eez.csic.es\/mae\/wp-content\/uploads\/2021\/07\/antonio-jose-fernandez-gonzalez-150x150.png 150w\" sizes=\"(max-width: 450px) 100vw, 450px\" \/><\/figure>\n\n\n\n<h5 class=\"wp-block-heading has-text-align-center\" id=\"antonio-jose-fernandez-gonzalez\"><a href=\"\/mae\/antonio-jose-fernandez-gonzalez\">Antonio Jos\u00e9 Fern\u00e1ndez Gonz\u00e1lez<\/a><\/h5>\n\n\n\n<p style=\"text-align: center;\"><strong>antonio.fernandez@eez.csic.es<\/strong><\/p>\n<p style=\"text-align: center;\">Postdoctoral researcher<\/p>\n<\/div><\/div>\n\n\n\n<p style=\"text-align: center;\"><a href=\"https:\/\/www.scopus.com\/authid\/detail.uri?authorId=55319364500\" target=\"_blank\" rel=\"noopener\"><img loading=\"lazy\" decoding=\"async\" class=\"alignnone wp-image-72 size-full\" src=\"https:\/\/grupos.eez.csic.es\/mae\/wp-content\/uploads\/2021\/06\/scopus_logo.png\" alt=\"\" width=\"50\" height=\"49\"><\/a> <a href=\"https:\/\/orcid.org\/0000-0002-8781-8133\" target=\"_blank\" rel=\"noopener\"><img loading=\"lazy\" decoding=\"async\" class=\"alignnone wp-image-71 size-full\" src=\"https:\/\/grupos.eez.csic.es\/mae\/wp-content\/uploads\/2021\/06\/orcid_logo.png\" alt=\"\" width=\"50\" height=\"50\"><\/a> <a href=\"https:\/\/scholar.google.es\/citations?view_op=list_works&amp;hl=es&amp;user=wFDjc78AAAAJ\" target=\"_blank\" rel=\"noopener\"><img loading=\"lazy\" decoding=\"async\" class=\"alignnone wp-image-70 size-full\" src=\"https:\/\/grupos.eez.csic.es\/mae\/wp-content\/uploads\/2021\/06\/google_scholar_logo.png\" alt=\"\" width=\"50\" height=\"50\"><\/a><\/p>\n<\/div>\n\n\n\n<div class=\"wp-block-column is-layout-flow wp-block-column-is-layout-flow\">\n<div class=\"inherit-container-width wp-block-group is-layout-constrained wp-block-group-is-layout-constrained\"><div class=\"wp-block-group__inner-container\"><\/div><\/div>\n<\/div>\n<\/div>\n<\/div><\/div>\n<\/div>\n<\/div>\n<\/div>\n<\/div>\n","protected":false},"excerpt":{"rendered":"<p>Manuel Fern\u00e1ndez L\u00f3pez manuel.fernandez@eez.csic.es Co-Leader of Microbiology of Agroforestry Ecosystems (MAE) group Jes\u00fas Mercado Blanco jesus.mercado@eez.csic.es Co-Leader of Microbiology of Agroforestry Ecosystems (MAE) group Pablo Jos\u00e9 Villadas Latorre pablo.villadas@eez.csic.es Research assistant Ana V. Lasa ana.vicente@eez.csic.es Postdoctoral researcher Antonio Jos\u00e9 Fern\u00e1ndez Gonz\u00e1lez antonio.fernandez@eez.csic.es Postdoctoral researcher<\/p>\n","protected":false},"author":1,"featured_media":0,"parent":0,"menu_order":0,"comment_status":"closed","ping_status":"closed","template":"","meta":{"_uag_custom_page_level_css":"","site-sidebar-layout":"no-sidebar","site-content-layout":"plain-container","ast-site-content-layout":"normal-width-container","site-content-style":"unboxed","site-sidebar-style":"unboxed","ast-global-header-display":"","ast-banner-title-visibility":"","ast-main-header-display":"","ast-hfb-above-header-display":"","ast-hfb-below-header-display":"","ast-hfb-mobile-header-display":"","site-post-title":"disabled","ast-breadcrumbs-content":"","ast-featured-img":"","footer-sml-layout":"","ast-disable-related-posts":"","theme-transparent-header-meta":"default","adv-header-id-meta":"","stick-header-meta":"default","header-above-stick-meta":"","header-main-stick-meta":"","header-below-stick-meta":"","astra-migrate-meta-layouts":"set","ast-page-background-enabled":"default","ast-page-background-meta":{"desktop":{"background-color":"","background-image":"","background-repeat":"repeat","background-position":"center center","background-size":"auto","background-attachment":"scroll","background-type":"","background-media":"","overlay-type":"","overlay-color":"","overlay-opacity":"","overlay-gradient":""},"tablet":{"background-color":"","background-image":"","background-repeat":"repeat","background-position":"center center","background-size":"auto","background-attachment":"scroll","background-type":"","background-media":"","overlay-type":"","overlay-color":"","overlay-opacity":"","overlay-gradient":""},"mobile":{"background-color":"","background-image":"","background-repeat":"repeat","background-position":"center center","background-size":"auto","background-attachment":"scroll","background-type":"","background-media":"","overlay-type":"","overlay-color":"","overlay-opacity":"","overlay-gradient":""}},"ast-content-background-meta":{"desktop":{"background-color":"var(--ast-global-color-5)","background-image":"","background-repeat":"repeat","background-position":"center center","background-size":"auto","background-attachment":"scroll","background-type":"","background-media":"","overlay-type":"","overlay-color":"","overlay-opacity":"","overlay-gradient":""},"tablet":{"background-color":"var(--ast-global-color-5)","background-image":"","background-repeat":"repeat","background-position":"center center","background-size":"auto","background-attachment":"scroll","background-type":"","background-media":"","overlay-type":"","overlay-color":"","overlay-opacity":"","overlay-gradient":""},"mobile":{"background-color":"var(--ast-global-color-5)","background-image":"","background-repeat":"repeat","background-position":"center center","background-size":"auto","background-attachment":"scroll","background-type":"","background-media":"","overlay-type":"","overlay-color":"","overlay-opacity":"","overlay-gradient":""}},"footnotes":""},"uagb_featured_image_src":{"full":false,"thumbnail":false,"medium":false,"medium_large":false,"large":false,"1536x1536":false,"2048x2048":false},"uagb_author_info":{"display_name":"admin-mae","author_link":"https:\/\/grupos.eez.csic.es\/mae\/author\/admin-mae\/"},"uagb_comment_info":0,"uagb_excerpt":"Manuel Fern\u00e1ndez L\u00f3pez manuel.fernandez@eez.csic.es Co-Leader of Microbiology of Agroforestry Ecosystems (MAE) group Jes\u00fas Mercado Blanco jesus.mercado@eez.csic.es Co-Leader of Microbiology of Agroforestry Ecosystems (MAE) group Pablo Jos\u00e9 Villadas Latorre pablo.villadas@eez.csic.es Research assistant Ana V. Lasa ana.vicente@eez.csic.es Postdoctoral researcher Antonio Jos\u00e9 Fern\u00e1ndez Gonz\u00e1lez antonio.fernandez@eez.csic.es Postdoctoral researcher","_links":{"self":[{"href":"https:\/\/grupos.eez.csic.es\/mae\/wp-json\/wp\/v2\/pages\/739"}],"collection":[{"href":"https:\/\/grupos.eez.csic.es\/mae\/wp-json\/wp\/v2\/pages"}],"about":[{"href":"https:\/\/grupos.eez.csic.es\/mae\/wp-json\/wp\/v2\/types\/page"}],"author":[{"embeddable":true,"href":"https:\/\/grupos.eez.csic.es\/mae\/wp-json\/wp\/v2\/users\/1"}],"replies":[{"embeddable":true,"href":"https:\/\/grupos.eez.csic.es\/mae\/wp-json\/wp\/v2\/comments?post=739"}],"version-history":[{"count":48,"href":"https:\/\/grupos.eez.csic.es\/mae\/wp-json\/wp\/v2\/pages\/739\/revisions"}],"predecessor-version":[{"id":1115,"href":"https:\/\/grupos.eez.csic.es\/mae\/wp-json\/wp\/v2\/pages\/739\/revisions\/1115"}],"wp:attachment":[{"href":"https:\/\/grupos.eez.csic.es\/mae\/wp-json\/wp\/v2\/media?parent=739"}],"curies":[{"name":"wp","href":"https:\/\/api.w.org\/{rel}","templated":true}]}}