{"id":6627,"date":"2021-07-26T10:33:23","date_gmt":"2021-07-26T10:33:23","guid":{"rendered":"https:\/\/rhizorna.sombradoble.es\/?page_id=6627"},"modified":"2023-11-20T12:55:45","modified_gmt":"2023-11-20T12:55:45","slug":"publications","status":"publish","type":"page","link":"https:\/\/grupos.eez.csic.es\/rhizorna\/publications\/","title":{"rendered":"Publications"},"content":{"rendered":"[vc_row type=\u00bbin_container\u00bb full_screen_row_position=\u00bbmiddle\u00bb column_margin=\u00bbdefault\u00bb column_direction=\u00bbdefault\u00bb column_direction_tablet=\u00bbdefault\u00bb column_direction_phone=\u00bbdefault\u00bb scene_position=\u00bbcenter\u00bb text_color=\u00bbdark\u00bb text_align=\u00bbleft\u00bb row_border_radius=\u00bbnone\u00bb row_border_radius_applies=\u00bbbg\u00bb overlay_strength=\u00bb0.3&#8243; gradient_direction=\u00bbleft_to_right\u00bb shape_divider_position=\u00bbbottom\u00bb bg_image_animation=\u00bbnone\u00bb][vc_column column_padding=\u00bbno-extra-padding\u00bb column_padding_tablet=\u00bbinherit\u00bb column_padding_phone=\u00bbinherit\u00bb column_padding_position=\u00bball\u00bb column_element_spacing=\u00bbdefault\u00bb background_color_opacity=\u00bb1&#8243; background_hover_color_opacity=\u00bb1&#8243; column_shadow=\u00bbnone\u00bb column_border_radius=\u00bbnone\u00bb column_link_target=\u00bb_self\u00bb gradient_direction=\u00bbleft_to_right\u00bb overlay_strength=\u00bb0.3&#8243; width=\u00bb1\/1&#8243; tablet_width_inherit=\u00bbdefault\u00bb tablet_text_alignment=\u00bbdefault\u00bb phone_text_alignment=\u00bbdefault\u00bb bg_image_animation=\u00bbnone\u00bb border_type=\u00bbsimple\u00bb column_border_width=\u00bbnone\u00bb column_border_style=\u00bbsolid\u00bb]<style type=\"text\/css\">@media only screen and (min-width: 1300px) { #nectar-slider-instance-1, #nectar-slider-instance-1 .swiper-container { height: 280px; }  } @media only screen and (max-width: 1299px) { #nectar-slider-instance-1, #nectar-slider-instance-1 .swiper-container { height: 233.33333333333px; }  } @media only screen and (max-width: 1000px) { #nectar-slider-instance-1, #nectar-slider-instance-1 .swiper-container { height: 200px; }  } @media only screen and (max-width: 690px) { #nectar-slider-instance-1, #nectar-slider-instance-1 .swiper-container { height: 103.7037037037px; }  } <\/style><div  data-transition=\"slide\" data-overall_style=\"classic\" data-flexible-height=\"\" data-animate-in-effect=\"zoom-out\" data-fullscreen=\"false\" data-button-sizing=\"regular\" data-button-styling=\"btn_with_count\" data-autorotate=\"\" data-parallax=\"false\" data-parallax-disable-mobile=\"\" data-caption-trans=\"fade_in_from_bottom\" data-parallax-style=\"bg_only\" data-bg-animation=\"none\" data-full-width=\"true\" class=\"nectar-slider-wrap \" id=\"nectar-slider-instance-1\"><div class=\"swiper-container\"  data-tho=\"auto\" data-tco=\"auto\" data-pho=\"auto\" data-pco=\"auto\" data-loop=\"false\" data-height=\"280\" data-min-height=\"\" data-arrows=\"false\" data-bullets=\"false\" data-bullet_style=\"see_through\" data-bullet_position=\"bottom\" data-desktop-swipe=\"false\" data-settings=\"\"> <div class=\"swiper-wrapper\"><div class=\"swiper-slide\" data-desktop-content-width=\"auto\" data-tablet-content-width=\"auto\" data-bg-alignment=\"center\" data-color-scheme=\"light\" data-x-pos=\"centered\" data-y-pos=\"middle\" ><div class=\"slide-bg-wrap\"><div class=\"image-bg\" style=\"background-image: url(https:\/\/grupos.eez.csic.es\/rhizorna\/\/wp-content\/uploads\/2021\/10\/leaf-abstract-PSXECSA-scaled.jpg);\"> &nbsp; <\/div><div class=\"slide-bg-overlay\" style=\"background-color: #3e8932;\"> &nbsp; <\/div><\/div><div class=\"container\">\r\n\t\t\t\t\t\t<div class=\"content\"><h2>PUBLICATIONS<\/h2><\/div>\r\n\t\t\t\t\t\t\t\t<\/div><!--\/container--><div class=\"video-texture active_texture\"> <span class=\"ie-fix\"><\/span> <\/div><\/div> <!--\/swiper-slide--><\/div><div class=\"nectar-slider-loading \"> <span class=\"loading-icon none\">   <\/span> <\/div> <\/div> \r\n\t\t\t\t\t\r\n\t\t\t\t\t<\/div>[\/vc_column][\/vc_row][vc_row type=\u00bbin_container\u00bb full_screen_row_position=\u00bbmiddle\u00bb column_margin=\u00bbdefault\u00bb column_direction=\u00bbdefault\u00bb column_direction_tablet=\u00bbdefault\u00bb column_direction_phone=\u00bbdefault\u00bb scene_position=\u00bbcenter\u00bb text_color=\u00bbdark\u00bb text_align=\u00bbleft\u00bb row_border_radius=\u00bbnone\u00bb row_border_radius_applies=\u00bbbg\u00bb overlay_strength=\u00bb0.3&#8243; gradient_direction=\u00bbleft_to_right\u00bb shape_divider_position=\u00bbbottom\u00bb bg_image_animation=\u00bbnone\u00bb][vc_column column_padding=\u00bbno-extra-padding\u00bb column_padding_tablet=\u00bbinherit\u00bb column_padding_phone=\u00bbinherit\u00bb column_padding_position=\u00bball\u00bb column_element_spacing=\u00bbdefault\u00bb background_color_opacity=\u00bb1&#8243; background_hover_color_opacity=\u00bb1&#8243; column_shadow=\u00bbnone\u00bb column_border_radius=\u00bbnone\u00bb column_link_target=\u00bb_self\u00bb gradient_direction=\u00bbleft_to_right\u00bb overlay_strength=\u00bb0.3&#8243; width=\u00bb1\/1&#8243; tablet_width_inherit=\u00bbdefault\u00bb tablet_text_alignment=\u00bbdefault\u00bb phone_text_alignment=\u00bbdefault\u00bb bg_image_animation=\u00bbnone\u00bb border_type=\u00bbsimple\u00bb column_border_width=\u00bbnone\u00bb column_border_style=\u00bbsolid\u00bb][vc_column_text css=\u00bb.vc_custom_1700484865969{padding-top: 3% !important;}\u00bb]\n<ol>\n<li>Garc\u00eda-Tomsig N.I., Garc\u00eda-Rodriguez F.M., Guedes-Garc\u00eda S.K., Mill\u00e1n V., Becker A., Robledo M., Jim\u00e9nez-Zurdo J.I. 2023. A double-negative feedback loop between NtrBC and a small RNA rewires nitrogen metabolism in legume symbionts. <em>mBio<\/em>. doi: 10.1128\/mbio.02003-23<\/li>\n<li>Garc\u00eda-Tomsig N.I., Robledo M., diCenzo G.C., Mengoni A., Mill\u00e1n V., Peregrina A., Uceta A., Jim\u00e9nez-Zurdo J.I. 2022. Pervasive RNA regulation of metabolism enhances the root colonization ability of nitrogen-fixing symbiotic \u03b1-rhizobia. <em>mBio<\/em> <strong>13,<\/strong> e0357621.<\/li>\n<li>Robledo M, Garc\u00eda-Tomsig N.I., Matia-Gonz\u00e1lez A.M., Garc\u00eda-Rodr\u00edguez F.M., and Jim\u00e9nez-Zurdo JI. 2021. Synthetase of the methyl donor S-adenosylmethionine from nitrogen-fixing \u03b1-rhizobia can bind functionally diverse RNA species. <em>RNA Biol.<\/em> 18, 1111-1123.<\/li>\n<li>Robledo M, Garc\u00eda-Tomsig N.I., and Jim\u00e9nez-Zurdo J.I. 2020. Riboregulation in nitrogen-fixing endosymbiotic bacteria. <em>Microorganisms.<\/em> <strong>8,<\/strong> 384.<\/li>\n<li>Saramago, M., Robledo, M., Matos, R.G., Jim\u00e9nez-Zurdo JI, and Arraiano CM. 2018. <em>Sinorhizobium meliloti<\/em> RNase III: catalytic features and impact on symbiosis. <em>Front. Genet<\/em>. <strong>9,<\/strong> 350.<\/li>\n<li>Robledo, M., Schl\u00fcter, J.P., Loeh, L.O., Linne, U., Albaum, S., Jim\u00e9nez-Zurdo, J.I., and Becker, A. 2018. An sRNA and cold shock protein homolog-based feedforward loop post-transcriptionally controls cell cycle master regulator CtrA. <em>Front. Microbiol.<\/em> <strong>9,<\/strong> 763.<\/li>\n<li>Robledo, M., Garc\u00eda-Tomsig, N.I., and Jim\u00e9nez-Zurdo, J.I. 2018. Primary characterization of small RNAs in symbiotic nitrogen-fixing bacteria. <em>Methods Mol. Biol<\/em>. <strong>1734,<\/strong> 277-295.<\/li>\n<li>Robledo, M., Matia-Gonz\u00e1lez, A., Garc\u00eda-Tomsig, N.I., and Jim\u00e9nez-Zurdo, J.I. 2018. Identification of small RNA protein partners in plant symbiotic bacteria. <em>Methods Mol. Biol.<\/em> <strong>1737,<\/strong> 351-370.<\/li>\n<li>Jim\u00e9nez-Zurdo, J.I. and Robledo, M. 2017. RNA silencing in plant symbiotic bacteria: insights from a protein-centric view. <em>RNA Biol.<\/em> <strong>14,<\/strong> 1672-1677.<\/li>\n<li>Robledo, M., Peregrina, A., Mill\u00e1n, V., Garc\u00eda-Tomsig, N., Torres-Quesada, O., Mateos, P.F., Becker, A., and Jim\u00e9nez-Zurdo, J.I. 2017. A conserved \u03b1-proteobacterial small RNA contributes to osmoadaptation and symbiotic efficiency of rhizobia on legume roots. <em>Environ. Microbiol.<\/em> <strong>19,<\/strong> 2661-2680.<\/li>\n<li>Saramago, M., Peregrina, A., Robledo, M., Matos, R.G., Hilker, R., Serrania, J., Becker, A., Arraiano, C.M., and Jim\u00e9nez-Zurdo, J.I. 2017. <em>Sinorhizobium meliloti<\/em> YbeY is an endoribonuclease with unprecedented catalytic features, acting as silencing enzyme in riboregulation. <em>Nucleic Acids Res<\/em>. <strong>45,<\/strong> 1371-139.<\/li>\n<li>Jim\u00e9nez-Zurdo, J.I., Torres-Quesada, O. Valverde, C., and Sobrero, P. 2015. Contribution of the RNA chaperone Hfq to environmental fitness and symbiosis in <em>Sinorhizobium meliloti<\/em>. <em>In<\/em> Biological Nitrogen Fixation, First Edition (ISBN: 978-1-118-63704-3). Ed. Frans J. de Bruijn. John Wiley &amp; Sons, Inc. Hoboken, NJ, USA. pp. 737-745.<\/li>\n<li>Robledo, M., Jim\u00e9nez-Zurdo, J.I. and Becker, A. 2015, Antisense transcription of symbiotic genes in <em>Sinorhizobium meliloti<\/em>. Symbiosis <strong>67,<\/strong> 55-67.<\/li>\n<li>Jim\u00e9nez-Zurdo J.I. and Robledo, M. 2015. Unravelling the universe of small RNA regulators in the legume symbiont <em>Sinorhizobium meliloti<\/em>. <strong>67,<\/strong> 43-54.<\/li>\n<li>Torres-Quesada, O., Reinkensmeier, J., Schl\u00fcter, J.P., Robledo, M., Peregrina, A., Giegerich, R., Toro, N., Becker, A., and Jim\u00e9nez-Zurdo, J.I. 2014. Genome-wide profiling of Hfq-binding RNAs uncovers extensive post-transcriptional rewiring of major stress response and symbiotic regulons in <em>Sinorhizobium meliloti<\/em>. <em>RNA Biol. <\/em>11, 563-579.<\/li>\n<li>Torres-Quesada, O., Mill\u00e1n, V., Nisa-Mart\u00ednez, R., Bardou, F., Crespi, M., Toro N., and Jim\u00e9nez-Zurdo, J.I. 2013. Independent activity of the homologous small regulatory RNAs AbcR1 and AbcR2 in the legume symbiont <em>Sinorhizobium meliloti<\/em>. <em>PloS One<\/em> <strong>8,<\/strong> e68147.<\/li>\n<li>Jim\u00e9nez-Zurdo, J.I., Valverde, C., and Becker, A. 2013. Insights into the non-coding RNome of nitrogen-fixing endosymbiotic \u03b1-proteobacteria. <em>Mol. Plant-Microbe Interact<\/em>. <strong>26,<\/strong> 160-167.<\/li>\n<li>del Val, C., Romero-Zaliz, R., Torres-Quesada, O., Peregrina, A., Toro, N., and Jim\u00e9nez-Zurdo, J.I. 2012. A survey of sRNA families in \u03b1-proteobacteria. <em>RNA Biol.<\/em> <strong>9,<\/strong> 119-129.<\/li>\n<li>Torres-Quesada, O., Oruezabal, R.I., Peregrina, A., Jofr\u00e9, E., Lloret, J., Rivilla, R., Toro, N., and Jim\u00e9nez-Zurdo, J.I. 2010. The <em>Sinorhizobium meliloti<\/em> RNA chaperone Hfq influences central carbon metabolism and the symbiotic interaction with alfalfa<em>. <\/em><em>BMC Microbiol. <\/em><strong>10,<\/strong> 72<\/li>\n<li>del Val, C., Rivas, E, Torres-Quesada, O., Toro, N., and Jim\u00e9nez-Zurdo, J.I. 2007. Identification of differentially expressed small non-coding RNAs in the legume endosymbiont <em>Sinorhizobium meliloti<\/em> by comparative genomics. <em>Mol. Microbiol.<\/em> <strong>66,<\/strong> 1080-1091.<\/li>\n<\/ol>\n[\/vc_column_text][\/vc_column][\/vc_row]\n","protected":false},"excerpt":{"rendered":"<p>[vc_row type=\u00bbin_container\u00bb full_screen_row_position=\u00bbmiddle\u00bb column_margin=\u00bbdefault\u00bb column_direction=\u00bbdefault\u00bb column_direction_tablet=\u00bbdefault\u00bb column_direction_phone=\u00bbdefault\u00bb scene_position=\u00bbcenter\u00bb text_color=\u00bbdark\u00bb text_align=\u00bbleft\u00bb row_border_radius=\u00bbnone\u00bb row_border_radius_applies=\u00bbbg\u00bb overlay_strength=\u00bb0.3&#8243; gradient_direction=\u00bbleft_to_right\u00bb shape_divider_position=\u00bbbottom\u00bb bg_image_animation=\u00bbnone\u00bb][vc_column column_padding=\u00bbno-extra-padding\u00bb column_padding_tablet=\u00bbinherit\u00bb column_padding_phone=\u00bbinherit\u00bb column_padding_position=\u00bball\u00bb column_element_spacing=\u00bbdefault\u00bb background_color_opacity=\u00bb1&#8243; background_hover_color_opacity=\u00bb1&#8243; column_shadow=\u00bbnone\u00bb column_border_radius=\u00bbnone\u00bb column_link_target=\u00bb_self\u00bb gradient_direction=\u00bbleft_to_right\u00bb overlay_strength=\u00bb0.3&#8243; width=\u00bb1\/1&#8243; tablet_width_inherit=\u00bbdefault\u00bb&#8230;<\/p>\n","protected":false},"author":2,"featured_media":0,"parent":0,"menu_order":0,"comment_status":"closed","ping_status":"closed","template":"","meta":{"footnotes":""},"class_list":["post-6627","page","type-page","status-publish"],"_links":{"self":[{"href":"https:\/\/grupos.eez.csic.es\/rhizorna\/wp-json\/wp\/v2\/pages\/6627","targetHints":{"allow":["GET"]}}],"collection":[{"href":"https:\/\/grupos.eez.csic.es\/rhizorna\/wp-json\/wp\/v2\/pages"}],"about":[{"href":"https:\/\/grupos.eez.csic.es\/rhizorna\/wp-json\/wp\/v2\/types\/page"}],"author":[{"embeddable":true,"href":"https:\/\/grupos.eez.csic.es\/rhizorna\/wp-json\/wp\/v2\/users\/2"}],"replies":[{"embeddable":true,"href":"https:\/\/grupos.eez.csic.es\/rhizorna\/wp-json\/wp\/v2\/comments?post=6627"}],"version-history":[{"count":7,"href":"https:\/\/grupos.eez.csic.es\/rhizorna\/wp-json\/wp\/v2\/pages\/6627\/revisions"}],"predecessor-version":[{"id":6867,"href":"https:\/\/grupos.eez.csic.es\/rhizorna\/wp-json\/wp\/v2\/pages\/6627\/revisions\/6867"}],"wp:attachment":[{"href":"https:\/\/grupos.eez.csic.es\/rhizorna\/wp-json\/wp\/v2\/media?parent=6627"}],"curies":[{"name":"wp","href":"https:\/\/api.w.org\/{rel}","templated":true}]}}